 of 145 and 82650?
145
Calculate the highest common factor of 208 and 818792.
104
Calculate the greatest common factor of 9072 and 467856.
1296
Calculate the greatest common divisor of 12463 and 8343.
103
Calculate the greatest common divisor of 392 and 147504.
56
What is the greatest common factor of 49981 and 20191?
331
Calculate the highest common divisor of 121530 and 2430.
30
Calculate the greatest common divisor of 2008380 and 11.
11
What is the greatest common factor of 9 and 59040?
9
Calculate the greatest common divisor of 5360 and 8800.
80
What is the highest common factor of 11934 and 2067?
39
Calculate the greatest common factor of 197658 and 96.
6
Calculate the greatest common factor of 4664367 and 342.
171
What is the greatest common factor of 21780 and 5610?
330
Calculate the highest common divisor of 131116 and 4.
4
Calculate the highest common factor of 1832 and 2431522.
458
What is the highest common factor of 1071 and 209559?
357
Calculate the greatest common factor of 251 and 358679.
251
Calculate the highest common divisor of 14896 and 107920.
304
What is the greatest common divisor of 1822195 and 95?
95
What is the highest common factor of 357177 and 1072?
67
Calculate the highest common factor of 9665125 and 463.
463
Calculate the greatest common divisor of 144 and 66.
6
What is the greatest common divisor of 16093 and 1064?
133
Calculate the highest common factor of 116 and 1103856.
116
Calculate the highest common divisor of 4 and 52262.
2
What is the highest common divisor of 152 and 63916?
76
Calculate the greatest common divisor of 70755 and 106800.
1335
Calculate the greatest common factor of 119 and 82637.
17
Calculate the greatest common divisor of 53140 and 860.
20
What is the greatest common factor of 5325 and 300?
75
What is the highest common factor of 287912 and 1314?
146
What is the greatest common factor of 72212 and 28?
28
What is the greatest common divisor of 1805 and 128060?
95
What is the highest common factor of 1221 and 4587?
33
Calculate the highest common divisor of 78 and 24466.
26
Calculate the greatest common factor of 176 and 8558.
22
Calculate the highest common divisor of 27 and 156960.
9
What is the highest common factor of 27145 and 61?
61
Calculate the highest common divisor of 748 and 149138.
22
What is the highest common factor of 280038 and 66?
66
Calculate the greatest common factor of 270 and 3408.
6
What is the highest common divisor of 2603 and 2641?
19
What is the greatest common factor of 321855 and 5160?
645
What is the greatest common divisor of 987616 and 672?
224
Calculate the greatest common divisor of 70 and 250208.
14
What is the highest common divisor of 10692 and 231?
33
What is the greatest common divisor of 2758 and 22778?
14
What is the highest common factor of 165 and 6688?
11
Calculate the highest common factor of 145 and 2149915.
145
Calculate the highest common divisor of 312444 and 1980.
396
What is the greatest common factor of 255 and 1187195?
85
Calculate the highest common divisor of 42 and 448014.
42
What is the greatest common divisor of 9682 and 2867?
47
What is the greatest common factor of 28 and 470176?
28
What is the greatest common divisor of 1078 and 9926?
14
Calculate the greatest common factor of 988092 and 72.
36
What is the greatest common divisor of 51101 and 5617?
137
Calculate the greatest common factor of 32795 and 560.
35
Calculate the greatest common divisor of 48 and 3708624.
48
Calculate the greatest common divisor of 528 and 146256.
528
Calculate the greatest common divisor of 20 and 79835.
5
Calculate the greatest common divisor of 17212 and 8.
4
What is the greatest common divisor of 80 and 359620?
20
What is the highest common divisor of 124684 and 876?
292
What is the highest common divisor of 1518556 and 116?
116
Calculate the highest common divisor of 600 and 195240.
120
What is the highest common factor of 40599 and 63?
9
What is the highest common divisor of 16283 and 209?
19
What is the greatest common factor of 95193 and 63?
63
What is the greatest common factor of 363 and 1110780?
363
What is the greatest common factor of 22 and 1103586?
22
What is the greatest common factor of 583 and 220?
11
Calculate the highest common factor of 41445 and 75.
15
What is the highest common divisor of 867 and 14546526?
867
Calculate the greatest common divisor of 72674 and 686.
14
What is the highest common factor of 3610 and 666406?
722
Calculate the greatest common factor of 15 and 45345.
15
What is the greatest common divisor of 168 and 35469?
21
What is the highest common factor of 253 and 364642?
23
What is the highest common divisor of 12159 and 63?
63
Calculate the greatest common factor of 11744 and 224.
32
What is the greatest common divisor of 48 and 72168?
24
What is the highest common factor of 15 and 23181?
3
What is the greatest common factor of 1189 and 41?
41
Calculate the greatest common factor of 1064 and 114228.
76
What is the greatest common divisor of 94 and 2931719?
47
What is the highest common divisor of 4884252 and 1528?
764
Calculate the greatest common divisor of 29675 and 25.
25
Calculate the greatest common factor of 561 and 591855.
561
Calculate the greatest common factor of 13029 and 1419.
129
What is the highest common divisor of 1750 and 1855?
35
Calculate the highest common factor of 119 and 59717.
7
Calculate the greatest common factor of 34749 and 162.
81
What is the greatest common factor of 63 and 17619?
21
Calculate the greatest common factor of 984 and 3485656.
328
Calculate the highest common factor of 69 and 345621.
69
Calculate the highest common factor of 297 and 636174.
297
What is the greatest common divisor of 92 and 60812?
92
What is the greatest common divisor of 15915 and 60?
15
Calculate the highest common factor of 7849 and 5845.
167
What is the greatest common factor of 14672 and 1400?
56
Calculate the greatest common factor of 8649 and 713.
31
What is the greatest common factor of 74698 and 34?
34
What is the highest common divisor of 1011048 and 17996?
1636
What is the greatest common factor of 24 and 5464?
8
Calculate the greatest common factor of 699168 and 96.
96
Calculate the highest common factor of 16032 and 60287.
167
Calculate the greatest common divisor of 7494 and 138.
6
Calculate the highest common factor of 4470 and 525.
15
Calculate the highest common factor of 96556 and 808.
404
What is the greatest common factor of 7084 and 4422187?
1771
What is the greatest common divisor of 21 and 1161881?
7
What is the highest common divisor of 5307 and 14761?
29
Calculate the highest common factor of 356 and 16542964.
356
Calculate the highest common factor of 66980 and 850.
170
What is the greatest common divisor of 424182 and 99?
33
Calculate the greatest common factor of 400029 and 7531.
443
What is the greatest common factor of 484 and 12364?
44
Calculate the highest common factor of 424540 and 20.
20
What is the greatest common factor of 3372071 and 262?
131
Calculate the highest common divisor of 1086 and 3015098.
362
What is the highest common divisor of 1953 and 2667?
21
What is the greatest common factor of 798 and 13908?
114
Calculate the greatest common factor of 108 and 65952.
36
What is the highest common divisor of 12714 and 4524?
78
Calculate the greatest common divisor of 249054 and 186.
186
Calculate the highest common divisor of 1132424 and 90368.
2824
What is the greatest common divisor of 1164 and 4268?
388
What is the highest common divisor of 15783 and 3?
3
Calculate the greatest common factor of 704 and 125840.
176
Calculate the highest common factor of 115 and 1089763.
23
Calculate the greatest common factor of 39 and 6812.
13
Calculate the highest common divisor of 143110 and 2112.
22
What is the highest common factor of 1825840 and 464?
464
What is the highest common factor of 803 and 1605343?
73
What is the greatest common divisor of 50 and 387240?
10
Calculate the greatest common divisor of 114 and 45733.
19
What is the greatest common divisor of 10 and 501490?
10
Calculate the greatest common divisor of 672 and 6384.
336
Calculate the greatest common divisor of 10098 and 1518.
66
What is the highest common factor of 581 and 29963?
83
Calculate the great